ainder when 64119/1608 + ((-504)/64 - -8) is divided by v.
18
Let n(f) = -f**3 - 2*f**2 + 3*f - 10. Let h be n(4). Let m = -87 - h. Calculate the remainder when m is divided by 5.
2
Let o = -137 + -71. Let i be (-4)/6 - o/24. Suppose -2*q - i + 32 = 0. What is the remainder when q is divided by 3?
0
Suppose -5496 = -15*b + 3*b. What is the remainder when b is divided by 33?
29
Let r(m) = -m**3 + 10*m**2 + 14*m + 8. Calculate the remainder when ((-48)/14)/((-122)/4697) is divided by r(11).
9
Let a(m) = -2*m**2 - 9*m - 4. Let h be a(-4). Suppose h = 20*k + 401 - 3781. What is the remainder when k is divided by 39?
13
Let j be 13/((-78)/(-18)) + 1330. Suppose -26*z + j = 17*z. Calculate the remainder when 37 is divided by z.
6
Let h(g) = -30*g - 1. Let y(w) = -55*w - 2. Let o(i) = 5*h(i) - 3*y(i). Calculate the remainder when 81 is divided by o(1).
1
Let y be ((-88)/(-220))/(2 - (-278)/(-140)). Suppose 0 = 5*q + 5*m - 145, y*q - 31*q = -3*m - 75. Calculate the remainder when 106 is divided by q.
25
Let u(l) = -l + 6. Let v be (2 - -2)/(10/(-15)). Let p be u(v). Let g = 77 - p. Calculate the remainder when g is divided by 34.
31
Suppose -2*x + 101 = -5*j, 46*j = -2*x + 50*j + 100. Calculate the remainder when 59 is divided by x.
11
Let r = 24 + -19. Let k(d) = d**3 - 3*d**2 - 9*d + 11. Let y be k(r). Suppose y = -q + 2*q. Calculate the remainder when 62 is divided by q.
14
Let c(w) = 13*w - 3. Let y(o) = o**2 - 91*o + 1586. What is the remainder when c(8) is divided by y(23)?
13
Let o(m) = -m + 16. Let r be o(11). Suppose 0 = -5*k + 5, -4*s + 6*s - 53 = -r*k. Calculate the remainder when 68 is divided by s.
20
Let u(h) = h + 20. Suppose -8*k + 4*k + 412 = 0. What is the remainder when k is divided by u(14)?
1
Suppose -27*m + 112 = -24*m - 5*k, -44 = -m + 3*k. What is the remainder when 1130 is divided by m?
28
Let f be (-9)/(864/12) - (-1826)/16. Suppose 0 = -3*j - 7 + 22, 2*z = -2*j + f. What is the remainder when 413 is divided by z?
49
Suppose 5*m - 526 = 4*z, 0 = 3967*m - 3966*m - z - 104. Let l(x) = x**2 - 3*x + 3. Calculate the remainder when m is divided by l(-4).
17
Let t(r) = 41*r + 474. Let j = 172 + -112. What is the remainder when t(-6) is divided by j?
48
Let l = 678 - 531. What is the remainder when 729 is divided by l?
141
What is the remainder when 1141 is divided by ((-66)/12)/(6/(-21)*(-7)/(-4))?
8
Let m be (260/39)/(3/108*-1). What is the remainder when ((-12)/8)/(18/m) is divided by 8?
4
Suppose -3*h + 6*h = 0. Suppose h*u + 2*u = -954. Calculate the remainder when u/(-15) + 2/10 is divided by 11.
10
Let h(r) = r**3 + 3*r**2 - 6*r - 10. Suppose -6 = 3*x, -8*x + 5*x + 3 = -3*b. What is the remainder when 275 is divided by h(b)?
3
Suppose 168 = -0*j + 4*j. What is the remainder when ((-332)/14)/(-2)*(26 + -19) is divided by j?
41
Let c = 3062 - 1670. Calculate the remainder when c is divided by 17.
15
Let k = 10622 + -9223. Calculate the remainder when k is divided by 140.
139
Suppose -k - 24 = 7*k. Let w be 62/3 - 1/k. Suppose -2*u + 29 = c, -w = -4*c - 1. What is the remainder when 46 is divided by u?
10
Let b(l) = 57*l - 52*l + 11 - 10. What is the remainder when b(23) is divided by 25?
16
Suppose -3*g + 4*g = 11. Let q be -2*-21*1/2. Suppose -4*z + 3*z = -q. Calculate the remainder when z is divided by g.
10
Suppose -30*h = -30*h + 27*h - 109998. Calculate the remainder when h is divided by 9.
6
Suppose -4*x + 9091 = -10325. What is the remainder when x is divided by 113?
108
Let p = -18 - -19. Let y be (3 - 40/12)*0. Suppose -4*u + 9 - 5 = y. What is the remainder when p is divided by u?
0
Let f = -3652 - -3672. What is the remainder when 154 is divided by f?
14
Suppose 3*z - 4 = -k + 6, -4*z = 3*k - 55. Let t = -280 - -418. Suppose h + 41 = t. What is the remainder when h is divided by k?
22
Let n be 4/6*(-7)/((-7)/3). Let g(t) = 4*t**2 + 7*t - 10. Let f be g(n). Suppose -10*s + f = -5*s. Calculate the remainder when 45 is divided by s.
1
Let x(l) = l**3 + 15*l**2. Let d be x(-15). Suppose 14*q - 19*q + 880 = d. Calculate the remainder when q is divided by 26.
20
Suppose -12*k - 14 = -13*k. Let h(v) = 2*v**2 - 25*v + 93. Calculate the remainder when h(k) is divided by 36.
27
Suppose -5*y - 2730 = 5*l, -y + 5*y + 3*l = -2181. Let n = y - -548. Calculate the remainder when 14 is divided by n.
4
What is the remainder when 456 is divided by 46/((4/9)/2 - (-791)/1017)?
42
Let x = -26 + 31. Suppose -2*s - 6 - 10 = -a, a + x*s + 12 = 0. Calculate the remainder when 52 is divided by a.
4
Let j be (-6)/((-6)/(-5)) + 0. Let i(f) = 3*f**2 + 6*f + 9. What is the remainder when 215 is divided by i(j)?
53
Suppose -3801*a = -3812*a + 176. What is the remainder when 6748 is divided by a?
12
Suppose 67*n - 103*n = 151*n - 37961. What is the remainder when 409 is divided by n?
3
Suppose 624 = 3*y - 5*t, -1000 = -10*y + 5*y - 5*t. Suppose 3 = -8*i + y. Calculate the remainder when 62 is divided by i.
12
Calculate the remainder when 1960 is divided by (-12 - (22 + -12)) + 41.
3
Let u(k) = 67*k + 4272. What is the remainder when u(-25) is divided by 2589?
8
Let a = 2070 - 2049. What is the remainder when a is divided by 11?
10
Let k = 144 - 105. Let j(p) be the first derivative of -p**4/4 - 3*p**3 - p**2/2 + 13*p - 2. Calculate the remainder when k is divided by j(-9).
17
Let c be (-7 + 0 - -5)*-4. Suppose 396 = t + c*t. Let g(x) = 14*x + 1. What is the remainder when t is divided by g(1)?
14
Let z = 1061 + -639. Calculate the remainder when z is divided by 210.
2
Let l = -16 + 26. Suppose -9*z = -l*z + 3. Suppose -v + 37 = 3*w - 0*v, 0 = -3*w + z*v + 57. Calculate the remainder when w is divided by 4.
2
Let n(t) = -26*t**3 - t**2 + 3*t + 66. What is the remainder when 91 is divided by n(0)?
25
Suppose -51*x + 1105 = 14*x. Suppose 0*c = 3*c - 708. Suppose 5*q + 2*w - 330 = 0, -q - 4*w - c = -5*q. What is the remainder when q is divided by x?
13
Suppose 0*r + 5*r = 4*c + 125, 2*r - 9*c - 13 = 0. What is the remainder when 1332 is divided by r?
27
Let z be ((-5)/(5/(-6)))/2. Suppose -9 + 26 = n - z*i, -5*i - 27 = -n. Calculate the remainder when 11 is divided by n.
1
Let y = 127 + -95. Let s(i) = -101*i**2 + 258*i**2 + 20*i - 20*i + 2. Calculate the remainder when s(-1) is divided by y.
31
What is the remainder when (1 + -1 - 1) + 128 is divided by ((-288)/(-27) + -7)*((-1 - -3) + 7)?
28
Suppose -203*l = -262*l + 46374. Calculate the remainder when l is divided by 38.
26
Suppose 19*v = 6725 - 1449 + 5649. Calculate the remainder when v is divided by 180.
35
Suppose 0 = -4*b - 4*s + 148, -2*b + 2*s + 54 = -16. Let w(c) = 102*c + 2662. What is the remainder when w(-24) is divided by b?
34
Suppose -2*q + 4*c = -126, 38*q + c + 306 = 43*q. What is the remainder when 47*12 + (56 - q) is divided by 35?
34
Let m(p) = -31*p**3 + 3*p**2 - 2*p. Let o be m(2). Let r = o - -742. Calculate the remainder when r is divided by 56.
54
Let n = -35 + 41. Let v be n + -2 - (-6 - -6). Suppose 3*y = -r + 2*r + 215, v*y = -5*r + 255. What is the remainder when y is divided by 12?
10
Let i be (240/50)/(-6) + (-38)/(-10). Suppose 0 = -4*c + i + 201. Calculate the remainder when 73 is divided by c.
22
Suppose 2*s - 292 = 2*h - 6*h, 0 = 3*h + 12. Let c(d) = -2*d**3 - 13*d**2 + 6*d + 5. Calculate the remainder when s is divided by c(-7).
10
Let t = -81 - -114. Let l(z) = z**3 - 5*z**2 - 2*z - 9. Let w be l(6). Calculate the remainder when (-246)/(w/10 - 3) is divided by t.
32
Let j(s) = -9*s - 239. What is the remainder when 220 is divided by j(-32)?
24
Let p(c) = -c**3 + 7*c**2 + 8*c - 31. Let k be p(9). Let y = 121 + k. Suppose -3*o + 14*o - 1276 = y. Calculate the remainder when o is divided by 17.
14
Suppose -5*w = -2*w - 3*z + 9, 0 = -4*w + 2*z - 20. Let g(h) = h**3 + 13*h**2 - 4*h - 17. What is the remainder when g(w) is divided by 17?
16
What is the remainder when 462 is divided by (-484640)/(-1170) + (-4)/18?
48
Calculate the remainder when (23 + -17 - 121)*2/(-10) is divided by (-134)/(-14) + 9/21.
3
Suppose 4*k - 590 = 5*x, 12*k - 17*k - 5*x + 670 = 0. Calculate the remainder when 1103 is divided by k.
123
Let s(m) = m**2 - 7*m - 8. Let r be s(8). Suppose -95 = -i - r*i. Let w(j) = 2*j**3 - 2*j**2 - 11*j + 23. Calculate the remainder when i is divided by w(3)